en 97 is divided by k?
17
Let p = -4 + 6. Let t(z) = 44*z + 1. Let k be t(p). Let d = k + -64. What is the remainder when 97 is divided by d?
22
Let t(x) = -x**2 + 6*x - 9. Let w be t(2). What is the remainder when 14 is divided by w/((-4 - 0)/24)?
2
Let z be 26/2*(3 - 2). Suppose -2*l - 9 = -a, a - z = 7*l - 3*l. Suppose 3*c = a + 34. Calculate the remainder when 36 is divided by c.
10
Let l be -85 + 5/(15/(-9)). Let q = -35 - l. What is the remainder when q is divided by 14?
11
Suppose 3*v = 4*v - 3. Suppose 2*m + 19 = m - 5*o, -m + 13 = -v*o. Suppose h = -m - 1, -4*q - 4*h + 24 = 0. What is the remainder when 47 is divided by q?
7
Let s = 13 - 9. Suppose -2*w + 14 = -f, 2*f + s*w + 34 = -34. Let z = 3 - f. What is the remainder when 106 is divided by z?
25
Suppose 17*c = 15*c + 44. What is the remainder when 106 is divided by c?
18
Let t(n) = n**3 + 2*n**2 - 62*n + 11. Let o be t(-9). Let h(u) = u**3 + u + 34. Let x be h(0). Let d = x + o. Calculate the remainder when d is divided by 13.
10
Suppose -1 + 4 = -f. Let l = 27 - 18. Let n = f + l. What is the remainder when 15 is divided by n?
3
Let d(c) = -c**3 + 8*c**2 - 9*c - 8. Let a be d(8). Let s = a + 191. What is the remainder when s is divided by 19?
16
Suppose -8 = -2*i, 4*a = 3*i - 0*i + 164. What is the remainder when 85 is divided by a?
41
Suppose 0 = 5*o - 3*o - 4. Suppose -o*n - 176 = -3*m, 5*m + 4*n = -0*m + 308. Calculate the remainder when m is divided by 16.
12
Let v(p) = 0*p**3 - 5*p**2 - 5*p**3 + 4*p**3 - 7. Let z be v(-5). What is the remainder when -1 + 7 - (z + 6) is divided by 3?
1
Suppose -27*l + 25*l = -12. Let p = -26 + 61. What is the remainder when p is divided by l?
5
Let h(a) = -a - 868*a**2 - 37*a**3 + 868*a**2. Calculate the remainder when h(-1) is divided by 10.
8
Suppose z - 15 = 8. Calculate the remainder when z is divided by -3 + (0 + 80)/5.
10
Suppose -5*s + 3*r = -35, -2*r - r + 45 = 3*s. Suppose 0 = -d + s - 0. Calculate the remainder when 17 is divided by d.
7
Let d = 1956 - 1699. Calculate the remainder when d is divided by 97.
63
Suppose -11*u = 249 - 700. What is the remainder when 121 is divided by u?
39
Let s(d) = d**2 + 5*d - 16. Let g = 3 + -12. Calculate the remainder when 119 is divided by s(g).
19
Calculate the remainder when ((-1)/((-3)/6))/(4/618) is divided by 62.
61
Let q(s) = -s**2 + 32*s - 7. What is the remainder when q(28) is divided by 38?
29
Suppose -6*q - 2*q + 584 = 0. Suppose 2*f = 5*j + q, -2*f + 2*j + 76 = -0*f. Calculate the remainder when 75 is divided by f.
36
Suppose 5*b = 15, 3*j - 2*b + 3 + 0 = 0. Let u(p) = p**3 - 14*p**2 + 11*p + 28. What is the remainder when 1/j + (-4)/(-4) is divided by u(13)?
0
Let v(u) = u + 1. Let k be v(-3). Let a be 2 + -5 - -89 - k. Let g = -41 + a. What is the remainder when g is divided by 12?
11
Let p(g) = -g**3 + 7*g**2 - 6*g - 1. Let k = 22 + -122. Let w = 137 + k. Calculate the remainder when w is divided by p(5).
18
Suppose -29*d = -24*d - 20. Suppose -d*i = -4*l + 284, -4*l + 2*i + 290 = -0*l. Let b(m) = -20*m - 1. What is the remainder when l is divided by b(-1)?
17
Let f = 124 + -55. Calculate the remainder when f is divided by 10.
9
Suppose -5*u = -6*u - 6*c + 43, 0 = u + 4*c - 33. What is the remainder when 87 is divided by u?
9
Suppose -8*x - 2 = -7*x. Let p be 18/((-4)/x) - 1. What is the remainder when 2*4/p - -22 is divided by 12?
11
Suppose -5*h = j - 106, 0 = -j - 3*h + 4*h + 94. What is the remainder when j is divided by 25?
21
Suppose 12*d - 12 = 9*d. Let y be d/((-8)/(-6))*6. Let p = -13 + y. What is the remainder when 13 is divided by p?
3
Let u be ((-24)/(-32))/(6/16). Calculate the remainder when 123 is divided by (87/6 - 2)*u.
23
Suppose 108 = 9*r + 36. Suppose q + 5 = 1. Calculate the remainder when r is divided by 30/q*6/(-9).
3
Let k = -179 - -225. Calculate the remainder when k is divided by 8.
6
Let u(d) = -d**2 + 8*d - 10. Let l be u(4). What is the remainder when 11 is divided by -2*(4 - 45/l)?
4
Let r = -437 + 538. Let o(j) = 4*j**3 - 3*j**2. Let u be o(2). Suppose -6 = -l + u. What is the remainder when r is divided by l?
23
Suppose -4*r = -4*d - 88, 0 = r - 4*d - 51 + 8. What is the remainder when (177/1)/(0 - -1) is divided by r?
12
Let f(y) = 14 - 15*y + 62*y + y**2 - 30*y. Suppose -85 = -3*l + 8*l. Calculate the remainder when f(l) is divided by 5.
4
What is the remainder when 218 is divided by (19 + -12)*(-50)/(-14)?
18
Suppose -5*a + f + 18 = 0, 6*f = a + f + 6. Suppose a*v - 151 = 21. Suppose -4*n - 9 = -69. What is the remainder when v is divided by n?
13
Let y = -2714 + 4406. What is the remainder when y is divided by 113?
110
Let k = 12 - 15. Let w = k - -29. Let r = w - 17. What is the remainder when 17 is divided by r?
8
Let y(x) = -2*x - 1. Suppose 0 = 2*i - 24. Suppose -2*u + 54 = -i. Calculate the remainder when u is divided by y(-5).
6
Calculate the remainder when -3*13/((-273)/2506) is divided by 9.
7
What is the remainder when (-5)/(-2)*31624/590 is divided by 34?
32
Calculate the remainder when (-72)/(-48) + (-219)/(-6) is divided by 1*1/1*15.
8
Let f(o) = 185*o - 218. What is the remainder when f(2) is divided by 8?
0
Let j(w) = -w**3 - 2*w**2 - 3*w - 6. Let z(h) = 4 - 2*h - 2 - 5 - 7. What is the remainder when j(-4) is divided by z(-10)?
8
Let t(l) = l - 1. Let y(u) = -12. Let p(i) = t(i) - y(i). Calculate the remainder when 37 is divided by p(0).
4
Let p(q) = q + 75. Let h = -9 - -14. Suppose -h*f + 62 = -3. What is the remainder when p(0) is divided by f?
10
Suppose 5*p - 3*m + 13 = -2, 5*p - m + 5 = 0. Calculate the remainder when 31 is divided by p/(-4) - (-10 - 3).
5
Let l = -144 - -193. Calculate the remainder when l is divided by (12/4)/(3/10).
9
Let u(j) = -j**2 + j + 141. What is the remainder when u(0) is divided by (-1330)/(-55) + (-22)/121?
21
Suppose 0 = -t + 5, -4*o = -5*t + 85. Let i(z) = z**3 + 16*z**2 + 12*z + 6. Calculate the remainder when 149 is divided by i(o).
47
Let m = 739 + -451. Suppose -4*k + m = -4*t, -k - k = t - 159. What is the remainder when k is divided by 13?
12
Suppose 0 = 5*d - 15, 124*d + 32 = n + 120*d. Calculate the remainder when 263 is divided by n.
43
Suppose 41*a + 8*a = 490. What is the remainder when 19 + -2*(-1 - -2) is divided by a?
7
Let x = 287 + -198. Calculate the remainder when x is divided by 14.
5
Suppose -3*t + 128 = 2*o, -t - 234 = -4*o + 4*t. What is the remainder when o is divided by 11?
6
What is the remainder when (402/9)/((-14)/(-21)) is divided by (-1)/(870/(-144) + 6)?
19
Suppose 4*i + 5*a - 738 = 10*a, 4*a = -2*i + 356. Calculate the remainder when i is divided by 21.
14
Suppose -7*j + 2*j = 4*n - 92, 0 = j + 4. Calculate the remainder when 100 is divided by n.
16
Suppose -5*w + a + 58 = 0, -53 = -20*w + 16*w + 3*a. Calculate the remainder when 196 is divided by w.
9
What is the remainder when 182 is divided by (-1 - 104)*(-75)/105?
32
Let a(h) = -3*h + 12. Calculate the remainder when a(-18) is divided by 17.
15
Let t(q) = -75*q - 530. Calculate the remainder when 204 is divided by t(-8).
64
Let v = -71 + 69. Calculate the remainder when 12 is divided by v*((-10)/(-4))/(-1).
2
Calculate the remainder when 133 is divided by (-2)/3 - 610/(-15).
13
Let s(p) = p**2 - 3*p + 2. Suppose 3*g - 38 = 4*c, -g = -5*c - 20 - 11. Let b = -28 - -85. Calculate the remainder when b is divided by s(g).
17
Suppose -54*a + 56*a = 10. What is the remainder when 13 is divided by a?
3
Let x = 13 + 18. Suppose 2*w = -l - l + 2, -3*l = 4*w. What is the remainder when x is divided by 13 + w - (0 + -2)?
7
Let i(h) = 9*h - 2. Let s be i(-2). Let y = s + 34. Calculate the remainder when 41 is divided by y.
13
Let k = 1409 + -1398. Suppose -2*g = -3*s - 157, -s - s = -2. Suppose -m - 3*q = q - 29, 2*q = 4*m - g. What is the remainder when m is divided by k?
10
Suppose -2*d + 50 = -f, -f = 5*d + 2*f - 136. What is the remainder when 491 is divided by d?
23
Let z(x) = -14*x - 69. Let t be z(-5). Let v be -46*(7/2 - 2). What is the remainder when 44 is divided by t/(1/v*-3)?
21
Let f be (3 + (-52)/16)*(3 + -3). Calculate the remainder when 63 is divided by (660/(-120))/(1/(-6) + f).
30
Let z = 2192 - 2001. Calculate the remainder when z is divided by 18.
11
Let a = -9 - -15. Suppose -a*h = -10*h + 20. Sup